{"id":2565,"date":"2023-11-09T11:27:27","date_gmt":"2023-11-09T11:27:27","guid":{"rendered":"https:\/\/xpressmeatmarket.com\/onlinemarket\/product\/tomahawk\/"},"modified":"2025-09-16T17:32:56","modified_gmt":"2025-09-16T17:32:56","slug":"tomahawk","status":"publish","type":"product","link":"https:\/\/xpressmeatmarket.com\/onlinemarket\/product\/tomahawk\/","title":{"rendered":"Tomahawk Ribeye Steak &#8211; 1 per Tray"},"content":{"rendered":"<section id=\"ProdBlock\" class=\"product-tabs product-tabs--abas\">\n<div id=\"ProdAbas\" class=\"abasProduto\">\u00a0<span style=\"color: #555555; font-size: 14.4px;\">O\u00a0<\/span><strong style=\"color: #555555; font-size: 14.4px;\">Tomahawk <\/strong><span style=\"color: #555555; font-size: 14.4px;\">\u00e9 um Corte Bovino, pr\u00e1tico e saboroso muito r\u00e1pido para ser preparado em refei\u00e7\u00f5es do Dia a Dia, Churrasco e ocasi\u00f5es especiais. Fica pronto em minutos no Fog\u00e3o, Forno, Frigideira, Airfryer e Churrasqueira.<\/span><span style=\"color: #555555; font-size: 14.4px;\"> O tomahawk junta, na mesma pe\u00e7a, o entrec\u00f4te e a costela. <\/span><strong style=\"color: #555555; font-size: 14.4px;\">Extremamente suculento e macio, tem um osso de at\u00e9 30 cent\u00edmetros que deixa o corte imponente na hora de servir, e ainda confere a ele um sabor \u00fanico.<\/strong><\/div>\n<div id=\"descricao\" class=\"prodBox product__description\">\n<p>O significado de tomahawk tem origem nos Estados Unidos por causa de sua semelhan\u00e7a com um \u201cmachadinho\u201d que era muito utilizado pelos ind\u00edgenas norte-americanos antigamente. O corte tomahawk vem da parte dianteira do boi. Ali\u00e1s, <strong>\u00e9 poss\u00edvel retirar apenas 4 pe\u00e7as de tomahawk por animal<\/strong>, o que tamb\u00e9m d\u00e1 ao corte certo valor e exclusividade.<\/p>\n<p>Recomendamos preparar a carne de tomahawk mal passada para aproveitar ao m\u00e1ximo sua sucul\u00eancia e sabor. Pode ser feito na churrasqueira, na grelha ou at\u00e9 mesmo no forno. <strong>Preparar o tomahawk em uma parrilla \u00e9 uma experi\u00eancia inesquec\u00edvel<\/strong>.<\/p>\n<p>Tamb\u00e9m indicamos servir o tomahawk junto ao osso, pois al\u00e9m de impressionar os amantes de carnes, tamb\u00e9m oferece estrutura e agrega valor \u00e0 pr\u00f3pria carne, que possui um sabor diferenciado por conta da presen\u00e7a de col\u00e1geno.<\/p>\n<\/div>\n<\/section>\n","protected":false},"excerpt":{"rendered":"<p>O\u00a0<strong>Tomahawk <\/strong>\u00e9 um Corte Bovino, pr\u00e1tico e saboroso muito r\u00e1pido para ser preparado em refei\u00e7\u00f5es do Dia a Dia<\/p>\n","protected":false},"featured_media":4344,"comment_status":"open","ping_status":"closed","template":"","meta":[],"product_brand":[],"product_cat":[49],"product_tag":[],"class_list":{"0":"post-2565","1":"product","2":"type-product","3":"status-publish","4":"has-post-thumbnail","6":"product_cat-carnes","7":"wcpa_has_options","9":"first","10":"instock","11":"shipping-taxable","12":"purchasable","13":"product-type-simple"},"_links":{"self":[{"href":"https:\/\/xpressmeatmarket.com\/onlinemarket\/wp-json\/wp\/v2\/product\/2565","targetHints":{"allow":["GET"]}}],"collection":[{"href":"https:\/\/xpressmeatmarket.com\/onlinemarket\/wp-json\/wp\/v2\/product"}],"about":[{"href":"https:\/\/xpressmeatmarket.com\/onlinemarket\/wp-json\/wp\/v2\/types\/product"}],"replies":[{"embeddable":true,"href":"https:\/\/xpressmeatmarket.com\/onlinemarket\/wp-json\/wp\/v2\/comments?post=2565"}],"wp:featuredmedia":[{"embeddable":true,"href":"https:\/\/xpressmeatmarket.com\/onlinemarket\/wp-json\/wp\/v2\/media\/4344"}],"wp:attachment":[{"href":"https:\/\/xpressmeatmarket.com\/onlinemarket\/wp-json\/wp\/v2\/media?parent=2565"}],"wp:term":[{"taxonomy":"product_brand","embeddable":true,"href":"https:\/\/xpressmeatmarket.com\/onlinemarket\/wp-json\/wp\/v2\/product_brand?post=2565"},{"taxonomy":"product_cat","embeddable":true,"href":"https:\/\/xpressmeatmarket.com\/onlinemarket\/wp-json\/wp\/v2\/product_cat?post=2565"},{"taxonomy":"product_tag","embeddable":true,"href":"https:\/\/xpressmeatmarket.com\/onlinemarket\/wp-json\/wp\/v2\/product_tag?post=2565"}],"curies":[{"name":"wp","href":"https:\/\/api.w.org\/{rel}","templated":true}]}}