{"id":3199,"date":"2023-11-09T11:30:35","date_gmt":"2023-11-09T11:30:35","guid":{"rendered":"https:\/\/xpressmeatmarket.com\/onlinemarket\/product\/tapioca-granulada-amafil-500g\/"},"modified":"2026-01-14T18:51:06","modified_gmt":"2026-01-14T18:51:06","slug":"tapioca-granulada-amafil-500g","status":"publish","type":"product","link":"https:\/\/xpressmeatmarket.com\/onlinemarket\/product\/tapioca-granulada-amafil-500g\/","title":{"rendered":"Massa para Tapioca Amafil &#8211; 500G"},"content":{"rendered":"<h4 class=\"tw-data-text tw-text-large tw-ta\" dir=\"ltr\" data-placeholder=\"Translation\" aria-label=\"Translated text\" data-ved=\"2ahUKEwjv8dOrzJyGAxVWRTABHbJsDnwQ3ewLegQICRAU\"><span class=\"Y2IQFc\" lang=\"pt\">Amafil Massa Para Tapioca 500 grs &#8211;<\/span><\/h4>\n<p>Um Sabor do que h\u00e1 de melhor no Brasil! Voc\u00ea est\u00e1 pronto para embarcar em uma viagem culin\u00e1ria ao cora\u00e7\u00e3o do Brasil? N\u00e3o procure mais, Amafil Massa Para Tapioca, um pacote de 500 grs de pura del\u00edcia brasileira que transportar\u00e1 seu paladar para as ruas vibrantes do Rio de Janeiro e al\u00e9m. Elaborada com cuidado e paix\u00e3o, esta farinha de tapioca \u00e9 o segredo do querido lanche brasileiro, as panquecas de tapioca, e um ingrediente vers\u00e1til que pode elevar suas cria\u00e7\u00f5es na cozinha a um n\u00edvel totalmente novo. Por que escolher Amafil Massa Para Tapioca?<\/p>\n<p>Sabor Brasileiro Aut\u00eantico: A farinha de tapioca Amafil \u00e9 proveniente do cora\u00e7\u00e3o do Brasil, garantindo um sabor aut\u00eantico que captura a ess\u00eancia da culin\u00e1ria brasileira. \u00c9 a mesma qualidade que voc\u00ea encontra nos movimentados mercados brasileiros. Qualidade Premium: Amafil Massa Para Tapioca \u00e9 feita a partir da melhor raiz de mandioca, meticulosamente processada para criar uma farinha macia e de gr\u00e3o fino que garante sempre resultados perfeitos. Diga adeus aos caro\u00e7os e \u00e0 textura irregular!<\/p>\n<p>Magia Culin\u00e1ria Vers\u00e1til: Quer voc\u00ea seja um aficionado pela culin\u00e1ria ou um cozinheiro caseiro, esta farinha de tapioca \u00e9 o seu ingresso para a criatividade na cozinha. Use-o para fazer panquecas de tapioca tradicionais, wraps sem gl\u00faten ou como espessante em sopas, ensopados e molhos.<\/p>\n","protected":false},"excerpt":{"rendered":"<h4 id=\"tw-target-text\" class=\"tw-data-text tw-text-large tw-ta\" dir=\"ltr\" data-placeholder=\"Translation\" aria-label=\"Translated text\" data-ved=\"2ahUKEwjv8dOrzJyGAxVWRTABHbJsDnwQ3ewLegQICRAU\"><span class=\"Y2IQFc\" lang=\"pt\">Esta farinha de tapioca \u00e9 o seu ingresso para a criatividade na cozinha. Use-o para fazer panquecas de tapioca tradicionais, wraps sem gl\u00faten ou como espessante em sopas, ensopados e molhos.<\/span><\/h4>\n","protected":false},"featured_media":4308,"comment_status":"open","ping_status":"closed","template":"","meta":[],"product_brand":[],"product_cat":[51],"product_tag":[],"class_list":{"0":"post-3199","1":"product","2":"type-product","3":"status-publish","4":"has-post-thumbnail","6":"product_cat-mercearia","8":"first","9":"instock","10":"shipping-taxable","11":"purchasable","12":"product-type-simple"},"_links":{"self":[{"href":"https:\/\/xpressmeatmarket.com\/onlinemarket\/wp-json\/wp\/v2\/product\/3199","targetHints":{"allow":["GET"]}}],"collection":[{"href":"https:\/\/xpressmeatmarket.com\/onlinemarket\/wp-json\/wp\/v2\/product"}],"about":[{"href":"https:\/\/xpressmeatmarket.com\/onlinemarket\/wp-json\/wp\/v2\/types\/product"}],"replies":[{"embeddable":true,"href":"https:\/\/xpressmeatmarket.com\/onlinemarket\/wp-json\/wp\/v2\/comments?post=3199"}],"wp:featuredmedia":[{"embeddable":true,"href":"https:\/\/xpressmeatmarket.com\/onlinemarket\/wp-json\/wp\/v2\/media\/4308"}],"wp:attachment":[{"href":"https:\/\/xpressmeatmarket.com\/onlinemarket\/wp-json\/wp\/v2\/media?parent=3199"}],"wp:term":[{"taxonomy":"product_brand","embeddable":true,"href":"https:\/\/xpressmeatmarket.com\/onlinemarket\/wp-json\/wp\/v2\/product_brand?post=3199"},{"taxonomy":"product_cat","embeddable":true,"href":"https:\/\/xpressmeatmarket.com\/onlinemarket\/wp-json\/wp\/v2\/product_cat?post=3199"},{"taxonomy":"product_tag","embeddable":true,"href":"https:\/\/xpressmeatmarket.com\/onlinemarket\/wp-json\/wp\/v2\/product_tag?post=3199"}],"curies":[{"name":"wp","href":"https:\/\/api.w.org\/{rel}","templated":true}]}}