{"id":3422,"date":"2023-11-09T11:33:32","date_gmt":"2023-11-09T11:33:32","guid":{"rendered":"https:\/\/xpressmeatmarket.com\/onlinemarket\/product\/biscoito-amanteigado-marilan-leite\/"},"modified":"2026-01-14T18:13:54","modified_gmt":"2026-01-14T18:13:54","slug":"biscoito-amanteigado-marilan-leite","status":"publish","type":"product","link":"https:\/\/xpressmeatmarket.com\/onlinemarket\/product\/biscoito-amanteigado-marilan-leite\/","title":{"rendered":"Biscoito Amanteigado Leite Marilan"},"content":{"rendered":"<p>Marilan Amanteigado Tradicional \u00e9 feito de ingredientes selecionados que garantem sabor e qualidade. Rico em gosto com aroma de baunilha, este biscoito \u00e9 uma \u00f3tima op\u00e7\u00e3o para as suas refei\u00e7\u00f5es do dia a dia. Seu pacote cont\u00e9m 280g de puro sabor.<\/p>\n","protected":false},"excerpt":{"rendered":"<p>Este biscoito \u00e9 uma \u00f3tima op\u00e7\u00e3o para as suas refei\u00e7\u00f5es do dia a dia.<\/p>\n","protected":false},"featured_media":3976,"comment_status":"open","ping_status":"closed","template":"","meta":[],"product_brand":[],"product_cat":[51],"product_tag":[],"class_list":{"0":"post-3422","1":"product","2":"type-product","3":"status-publish","4":"has-post-thumbnail","6":"product_cat-mercearia","8":"first","9":"outofstock","10":"shipping-taxable","11":"purchasable","12":"product-type-simple"},"_links":{"self":[{"href":"https:\/\/xpressmeatmarket.com\/onlinemarket\/wp-json\/wp\/v2\/product\/3422","targetHints":{"allow":["GET"]}}],"collection":[{"href":"https:\/\/xpressmeatmarket.com\/onlinemarket\/wp-json\/wp\/v2\/product"}],"about":[{"href":"https:\/\/xpressmeatmarket.com\/onlinemarket\/wp-json\/wp\/v2\/types\/product"}],"replies":[{"embeddable":true,"href":"https:\/\/xpressmeatmarket.com\/onlinemarket\/wp-json\/wp\/v2\/comments?post=3422"}],"wp:featuredmedia":[{"embeddable":true,"href":"https:\/\/xpressmeatmarket.com\/onlinemarket\/wp-json\/wp\/v2\/media\/3976"}],"wp:attachment":[{"href":"https:\/\/xpressmeatmarket.com\/onlinemarket\/wp-json\/wp\/v2\/media?parent=3422"}],"wp:term":[{"taxonomy":"product_brand","embeddable":true,"href":"https:\/\/xpressmeatmarket.com\/onlinemarket\/wp-json\/wp\/v2\/product_brand?post=3422"},{"taxonomy":"product_cat","embeddable":true,"href":"https:\/\/xpressmeatmarket.com\/onlinemarket\/wp-json\/wp\/v2\/product_cat?post=3422"},{"taxonomy":"product_tag","embeddable":true,"href":"https:\/\/xpressmeatmarket.com\/onlinemarket\/wp-json\/wp\/v2\/product_tag?post=3422"}],"curies":[{"name":"wp","href":"https:\/\/api.w.org\/{rel}","templated":true}]}}