{"id":3500,"date":"2023-11-09T11:34:05","date_gmt":"2023-11-09T11:34:05","guid":{"rendered":"https:\/\/xpressmeatmarket.com\/onlinemarket\/product\/canela-em-po-kisabor-30g\/"},"modified":"2026-01-14T18:04:40","modified_gmt":"2026-01-14T18:04:40","slug":"canela-em-po-kisabor-30g","status":"publish","type":"product","link":"https:\/\/xpressmeatmarket.com\/onlinemarket\/product\/canela-em-po-kisabor-30g\/","title":{"rendered":"Canela em Po KiSabor &#8211; 30g"},"content":{"rendered":"<p>Com aroma e sabor levemente adocicados \u00e9 muito utilizada na prepara\u00e7\u00e3o de p\u00e3es, bolos, tortas, doces e sobremesas, past\u00e9is e em bebidas quentes, como chocolates e capuccino. Tamb\u00e9m pode ser utilizada para dar um toque especial em carnes.<\/p>\n","protected":false},"excerpt":{"rendered":"<p>Aroma e sabor levemente adocicados<\/p>\n","protected":false},"featured_media":4156,"comment_status":"open","ping_status":"closed","template":"","meta":[],"product_brand":[],"product_cat":[51],"product_tag":[],"class_list":{"0":"post-3500","1":"product","2":"type-product","3":"status-publish","4":"has-post-thumbnail","6":"product_cat-mercearia","8":"first","9":"outofstock","10":"shipping-taxable","11":"purchasable","12":"product-type-simple"},"_links":{"self":[{"href":"https:\/\/xpressmeatmarket.com\/onlinemarket\/wp-json\/wp\/v2\/product\/3500","targetHints":{"allow":["GET"]}}],"collection":[{"href":"https:\/\/xpressmeatmarket.com\/onlinemarket\/wp-json\/wp\/v2\/product"}],"about":[{"href":"https:\/\/xpressmeatmarket.com\/onlinemarket\/wp-json\/wp\/v2\/types\/product"}],"replies":[{"embeddable":true,"href":"https:\/\/xpressmeatmarket.com\/onlinemarket\/wp-json\/wp\/v2\/comments?post=3500"}],"wp:featuredmedia":[{"embeddable":true,"href":"https:\/\/xpressmeatmarket.com\/onlinemarket\/wp-json\/wp\/v2\/media\/4156"}],"wp:attachment":[{"href":"https:\/\/xpressmeatmarket.com\/onlinemarket\/wp-json\/wp\/v2\/media?parent=3500"}],"wp:term":[{"taxonomy":"product_brand","embeddable":true,"href":"https:\/\/xpressmeatmarket.com\/onlinemarket\/wp-json\/wp\/v2\/product_brand?post=3500"},{"taxonomy":"product_cat","embeddable":true,"href":"https:\/\/xpressmeatmarket.com\/onlinemarket\/wp-json\/wp\/v2\/product_cat?post=3500"},{"taxonomy":"product_tag","embeddable":true,"href":"https:\/\/xpressmeatmarket.com\/onlinemarket\/wp-json\/wp\/v2\/product_tag?post=3500"}],"curies":[{"name":"wp","href":"https:\/\/api.w.org\/{rel}","templated":true}]}}