{"id":3504,"date":"2023-11-09T11:34:06","date_gmt":"2023-11-09T11:34:06","guid":{"rendered":"https:\/\/xpressmeatmarket.com\/onlinemarket\/product\/leite-de-coco-menina-500ml\/"},"modified":"2026-01-14T18:04:19","modified_gmt":"2026-01-14T18:04:19","slug":"leite-de-coco-menina-200ml-2","status":"publish","type":"product","link":"https:\/\/xpressmeatmarket.com\/onlinemarket\/product\/leite-de-coco-menina-200ml-2\/","title":{"rendered":"Leite de Coco Menina Ducoco 200ml (Vidro)"},"content":{"rendered":"<p>Leite de Coco Menina 500ml<\/p>\n<p>Seu toque caseiro<br \/>\nCozinhar \u00e9 uma forma de amor. Os pratos mais gostosos s\u00e3o aqueles que combinam os melhores ingredientes com muito carinho.<\/p>\n<p>O segredo de Menina<br \/>\nImagine um prato feito com coco e leite de coco Menina fresquinho e branquinho! Assim \u00e9 a pureza de Menina, deixando suas cria\u00e7\u00f5es sempre com um toque caseiro, sabor \u00fanico e especial.<\/p>\n<p>Hist\u00f3rias em fam\u00edlia<br \/>\nMenina acompanha gera\u00e7\u00f5es, participando e ajudando a tornar os momentos em fam\u00edlia ainda mais saborosos e memor\u00e1veis.<\/p>\n","protected":false},"excerpt":{"rendered":"<p>Imagine um prato feito com coco e leite de coco Menina fresquinho e branquinho!<\/p>\n","protected":false},"featured_media":4177,"comment_status":"open","ping_status":"closed","template":"","meta":[],"product_brand":[],"product_cat":[51],"product_tag":[],"class_list":{"0":"post-3504","1":"product","2":"type-product","3":"status-publish","4":"has-post-thumbnail","6":"product_cat-mercearia","8":"first","9":"instock","10":"shipping-taxable","11":"purchasable","12":"product-type-simple"},"_links":{"self":[{"href":"https:\/\/xpressmeatmarket.com\/onlinemarket\/wp-json\/wp\/v2\/product\/3504","targetHints":{"allow":["GET"]}}],"collection":[{"href":"https:\/\/xpressmeatmarket.com\/onlinemarket\/wp-json\/wp\/v2\/product"}],"about":[{"href":"https:\/\/xpressmeatmarket.com\/onlinemarket\/wp-json\/wp\/v2\/types\/product"}],"replies":[{"embeddable":true,"href":"https:\/\/xpressmeatmarket.com\/onlinemarket\/wp-json\/wp\/v2\/comments?post=3504"}],"wp:featuredmedia":[{"embeddable":true,"href":"https:\/\/xpressmeatmarket.com\/onlinemarket\/wp-json\/wp\/v2\/media\/4177"}],"wp:attachment":[{"href":"https:\/\/xpressmeatmarket.com\/onlinemarket\/wp-json\/wp\/v2\/media?parent=3504"}],"wp:term":[{"taxonomy":"product_brand","embeddable":true,"href":"https:\/\/xpressmeatmarket.com\/onlinemarket\/wp-json\/wp\/v2\/product_brand?post=3504"},{"taxonomy":"product_cat","embeddable":true,"href":"https:\/\/xpressmeatmarket.com\/onlinemarket\/wp-json\/wp\/v2\/product_cat?post=3504"},{"taxonomy":"product_tag","embeddable":true,"href":"https:\/\/xpressmeatmarket.com\/onlinemarket\/wp-json\/wp\/v2\/product_tag?post=3504"}],"curies":[{"name":"wp","href":"https:\/\/api.w.org\/{rel}","templated":true}]}}