{"id":3572,"date":"2023-11-09T11:34:28","date_gmt":"2023-11-09T11:34:28","guid":{"rendered":"https:\/\/xpressmeatmarket.com\/onlinemarket\/product\/suco-maracuja-concentrado-maguary-500ml\/"},"modified":"2026-01-14T17:48:11","modified_gmt":"2026-01-14T17:48:11","slug":"suco-maracuja-concentrado-maguary-500ml","status":"publish","type":"product","link":"https:\/\/xpressmeatmarket.com\/onlinemarket\/product\/suco-maracuja-concentrado-maguary-500ml\/","title":{"rendered":"Suco Concentrado Sabor Maracuj\u00e1 &#8211; Maguary &#8211; 500 ml"},"content":{"rendered":"<div class=\"card__header\">\n<h4 class=\"card__title heading h3\"><span style=\"color: #555555; font-size: 14.4px;\">O Suco Concentrado de Maracuj\u00e1 Maguary 500ml \u00e9 delicioso e pronto para misturar com \u00e1gua para os sucos mais refrescantes de maneira r\u00e1pida e f\u00e1cil e no delicioso sabor de maracuj\u00e1.<\/span><\/h4>\n<\/div>\n<div class=\"card__section\">\n<div class=\"rte text--pull\">\n<h4>A linha regular de sucos Maguary \u00e9 a maior e mais completa linha de sucos prontos do mercado! Tradi\u00e7\u00e3o na fabrica\u00e7\u00e3o de sucos desde 1953, sempre trazendo inova\u00e7\u00e3o e novidades para a categoria!<\/h4>\n<\/div>\n<\/div>\n","protected":false},"excerpt":{"rendered":"<p>O Suco Maguary <span style=\"color: #555555; font-size: 14.4px;\">\u00e9 delicioso e pronto para misturar com \u00e1gua para os sucos mais refrescantes<\/span><\/p>\n","protected":false},"featured_media":3955,"comment_status":"open","ping_status":"closed","template":"","meta":[],"product_brand":[],"product_cat":[51],"product_tag":[],"class_list":{"0":"post-3572","1":"product","2":"type-product","3":"status-publish","4":"has-post-thumbnail","6":"product_cat-mercearia","8":"first","9":"instock","10":"shipping-taxable","11":"purchasable","12":"product-type-simple"},"_links":{"self":[{"href":"https:\/\/xpressmeatmarket.com\/onlinemarket\/wp-json\/wp\/v2\/product\/3572","targetHints":{"allow":["GET"]}}],"collection":[{"href":"https:\/\/xpressmeatmarket.com\/onlinemarket\/wp-json\/wp\/v2\/product"}],"about":[{"href":"https:\/\/xpressmeatmarket.com\/onlinemarket\/wp-json\/wp\/v2\/types\/product"}],"replies":[{"embeddable":true,"href":"https:\/\/xpressmeatmarket.com\/onlinemarket\/wp-json\/wp\/v2\/comments?post=3572"}],"wp:featuredmedia":[{"embeddable":true,"href":"https:\/\/xpressmeatmarket.com\/onlinemarket\/wp-json\/wp\/v2\/media\/3955"}],"wp:attachment":[{"href":"https:\/\/xpressmeatmarket.com\/onlinemarket\/wp-json\/wp\/v2\/media?parent=3572"}],"wp:term":[{"taxonomy":"product_brand","embeddable":true,"href":"https:\/\/xpressmeatmarket.com\/onlinemarket\/wp-json\/wp\/v2\/product_brand?post=3572"},{"taxonomy":"product_cat","embeddable":true,"href":"https:\/\/xpressmeatmarket.com\/onlinemarket\/wp-json\/wp\/v2\/product_cat?post=3572"},{"taxonomy":"product_tag","embeddable":true,"href":"https:\/\/xpressmeatmarket.com\/onlinemarket\/wp-json\/wp\/v2\/product_tag?post=3572"}],"curies":[{"name":"wp","href":"https:\/\/api.w.org\/{rel}","templated":true}]}}