{"id":3608,"date":"2023-11-09T11:34:38","date_gmt":"2023-11-09T11:34:38","guid":{"rendered":"https:\/\/xpressmeatmarket.com\/onlinemarket\/product\/arroz-prato-fino-10-l\/"},"modified":"2026-01-14T17:43:16","modified_gmt":"2026-01-14T17:43:16","slug":"arroz-prato-fino-10-l","status":"publish","type":"product","link":"https:\/\/xpressmeatmarket.com\/onlinemarket\/product\/arroz-prato-fino-10-l\/","title":{"rendered":"Arroz Tipo 1 Branco Prato Fino &#8211; 10 Libras"},"content":{"rendered":"<p>Durante as refei\u00e7\u00f5es em fam\u00edlia, n\u00e3o h\u00e1 nada mais gostoso que saborear aquele <b>arroz Prato Fino<\/b>\u00a0soltinho. Seja para acompanhar o feij\u00e3o ou outros pratos deliciosos. Nutritivo, esse alimento est\u00e1 presente na refei\u00e7\u00e3o di\u00e1ria da maioria dos brasileiros.<\/p>\n<h2>Arroz branco Prato Fino<\/h2>\n<p>O arroz branco <b>Prato Fino<\/b>, tamb\u00e9m conhecido como arroz polido, \u00e9 o mais consumido atualmente no Brasil. Al\u00e9m de saborosos, os gr\u00e3os de arroz branco s\u00e3o ricos em carboidratos, respons\u00e1veis por fornecer energia ao nosso organismo.<\/p>\n<p>Delicioso, ele \u00e9 uma \u00f3tima op\u00e7\u00e3o para acompanhar as refei\u00e7\u00f5es do dia a dia e ainda fazer pratos mais elaborados, como caldos, risotos, bolinhos, entre outros.<\/p>\n","protected":false},"excerpt":{"rendered":"<p>Durante as refei\u00e7\u00f5es em fam\u00edlia, n\u00e3o h\u00e1 nada mais gostoso que saborear aquele <b>arroz Prato Fino<\/b>\u00a0soltinho.<\/p>\n","protected":false},"featured_media":3964,"comment_status":"open","ping_status":"closed","template":"","meta":[],"product_brand":[],"product_cat":[51],"product_tag":[],"class_list":{"0":"post-3608","1":"product","2":"type-product","3":"status-publish","4":"has-post-thumbnail","6":"product_cat-mercearia","8":"first","9":"instock","10":"shipping-taxable","11":"purchasable","12":"product-type-simple"},"_links":{"self":[{"href":"https:\/\/xpressmeatmarket.com\/onlinemarket\/wp-json\/wp\/v2\/product\/3608","targetHints":{"allow":["GET"]}}],"collection":[{"href":"https:\/\/xpressmeatmarket.com\/onlinemarket\/wp-json\/wp\/v2\/product"}],"about":[{"href":"https:\/\/xpressmeatmarket.com\/onlinemarket\/wp-json\/wp\/v2\/types\/product"}],"replies":[{"embeddable":true,"href":"https:\/\/xpressmeatmarket.com\/onlinemarket\/wp-json\/wp\/v2\/comments?post=3608"}],"wp:featuredmedia":[{"embeddable":true,"href":"https:\/\/xpressmeatmarket.com\/onlinemarket\/wp-json\/wp\/v2\/media\/3964"}],"wp:attachment":[{"href":"https:\/\/xpressmeatmarket.com\/onlinemarket\/wp-json\/wp\/v2\/media?parent=3608"}],"wp:term":[{"taxonomy":"product_brand","embeddable":true,"href":"https:\/\/xpressmeatmarket.com\/onlinemarket\/wp-json\/wp\/v2\/product_brand?post=3608"},{"taxonomy":"product_cat","embeddable":true,"href":"https:\/\/xpressmeatmarket.com\/onlinemarket\/wp-json\/wp\/v2\/product_cat?post=3608"},{"taxonomy":"product_tag","embeddable":true,"href":"https:\/\/xpressmeatmarket.com\/onlinemarket\/wp-json\/wp\/v2\/product_tag?post=3608"}],"curies":[{"name":"wp","href":"https:\/\/api.w.org\/{rel}","templated":true}]}}