{"id":3659,"date":"2023-11-09T11:34:54","date_gmt":"2023-11-09T11:34:54","guid":{"rendered":"https:\/\/xpressmeatmarket.com\/onlinemarket\/product\/mistura-para-pao-de-queijo-amafil-1kg\/"},"modified":"2026-01-14T17:13:02","modified_gmt":"2026-01-14T17:13:02","slug":"mistura-para-pao-de-queijo-amafil-500g-2","status":"publish","type":"product","link":"https:\/\/xpressmeatmarket.com\/onlinemarket\/product\/mistura-para-pao-de-queijo-amafil-500g-2\/","title":{"rendered":"Mistura para P\u00e3o de Queijo Amafil &#8211; 500g"},"content":{"rendered":"<h2>Detalhes do produto<\/h2>\n<div class=\"detalhes-do-produto\">\n<p>Dispon\u00edvel em Embalagem Pl\u00e1stica de 500g, 1Kg e 5Kg.<\/p>\n<p>MODO DE PREPARO(para 500g \u2013 Voc\u00ea encontra o modo de preparo no verso da embalagem):<\/p>\n<p>Coloque em uma vasilha 500 g da mistura para P\u00e3o de Queijo Amafil. Acrescente 4 ovos m\u00e9dios e 200 gramas de queijo ralado (prefer\u00eancia meia cura ou mussarela). Amasse bem.<\/p>\n<p>Adicione aos poucos 200 ml de \u00e1gua (temperatura ambiente), misturando bem at\u00e9 obter uma massa homog\u00eanea que grude nas m\u00e3os mas n\u00e3o grude na vasilha.<\/p>\n<p>Divida a massa, fa\u00e7a bolinhas no tamanho desejado e coloque em assadeiras. Se necess\u00e1rio, unte as m\u00e3os com margarina.<\/p>\n<p>Leve ao forno pr\u00e9-aquecido a 200\u00baC e asse por 25 a 30 minutos ou at\u00e9 que os p\u00e3ezinhos estejam levemente dourados.<\/p>\n<\/div>\n","protected":false},"excerpt":{"rendered":"<p>Detalhes do produto Dispon\u00edvel em Embalagem Pl\u00e1stica de 500g, 1Kg e 5Kg. MODO DE PREPARO(para 500g \u2013 Voc\u00ea encontra o modo de preparo no verso da embalagem): Coloque em uma vasilha 500 g da mistura para P\u00e3o de Queijo Amafil. Acrescente 4 ovos m\u00e9dios e 200 gramas de queijo ralado (prefer\u00eancia meia cura ou mussarela). [&#8230;]\n","protected":false},"featured_media":4069,"comment_status":"open","ping_status":"closed","template":"","meta":[],"product_brand":[],"product_cat":[51],"product_tag":[],"class_list":{"0":"post-3659","1":"product","2":"type-product","3":"status-publish","4":"has-post-thumbnail","6":"product_cat-mercearia","8":"first","9":"instock","10":"shipping-taxable","11":"purchasable","12":"product-type-simple"},"_links":{"self":[{"href":"https:\/\/xpressmeatmarket.com\/onlinemarket\/wp-json\/wp\/v2\/product\/3659","targetHints":{"allow":["GET"]}}],"collection":[{"href":"https:\/\/xpressmeatmarket.com\/onlinemarket\/wp-json\/wp\/v2\/product"}],"about":[{"href":"https:\/\/xpressmeatmarket.com\/onlinemarket\/wp-json\/wp\/v2\/types\/product"}],"replies":[{"embeddable":true,"href":"https:\/\/xpressmeatmarket.com\/onlinemarket\/wp-json\/wp\/v2\/comments?post=3659"}],"wp:featuredmedia":[{"embeddable":true,"href":"https:\/\/xpressmeatmarket.com\/onlinemarket\/wp-json\/wp\/v2\/media\/4069"}],"wp:attachment":[{"href":"https:\/\/xpressmeatmarket.com\/onlinemarket\/wp-json\/wp\/v2\/media?parent=3659"}],"wp:term":[{"taxonomy":"product_brand","embeddable":true,"href":"https:\/\/xpressmeatmarket.com\/onlinemarket\/wp-json\/wp\/v2\/product_brand?post=3659"},{"taxonomy":"product_cat","embeddable":true,"href":"https:\/\/xpressmeatmarket.com\/onlinemarket\/wp-json\/wp\/v2\/product_cat?post=3659"},{"taxonomy":"product_tag","embeddable":true,"href":"https:\/\/xpressmeatmarket.com\/onlinemarket\/wp-json\/wp\/v2\/product_tag?post=3659"}],"curies":[{"name":"wp","href":"https:\/\/api.w.org\/{rel}","templated":true}]}}