{"id":3768,"date":"2023-11-09T11:35:24","date_gmt":"2023-11-09T11:35:24","guid":{"rendered":"https:\/\/xpressmeatmarket.com\/onlinemarket\/product\/flocao-kimilhao-yoki-500g\/"},"modified":"2026-01-13T17:15:56","modified_gmt":"2026-01-13T17:15:56","slug":"flocao-kimilhao-yoki-500g","status":"publish","type":"product","link":"https:\/\/xpressmeatmarket.com\/onlinemarket\/product\/flocao-kimilhao-yoki-500g\/","title":{"rendered":"Kimilho Floc\u00e3o YOKI Pacote 500g"},"content":{"rendered":"<h4 id=\"tw-target-text\" class=\"tw-data-text tw-text-large tw-ta\" dir=\"ltr\" data-placeholder=\"Translation\" data-ved=\"2ahUKEwi4kI_WyueCAxXMQTABHZiZDz4Q3ewLegQIBRAQ\"><span class=\"Y2IQFc\" lang=\"pt\">Kimilho Flocao \u00e9 a farinha \u00e0 base de milho preferida dos brasileiros, usada para preparar cuscuz, bolos e outras receitas brasileiras. Pode conter vest\u00edgios de sementes de trigo, soja e girassol. O cuscuz n\u00e3o \u00e9 fervido para cozinhar, mas sim cozido no vapor em \u00e1gua fervente ou em um prato fervente em uma panela especial. O cuscuz \u00e9 o ingrediente principal ou acompanhamento de in\u00fameros pratos com diversos tipos de vegetais e, em muitos casos, com carne. Os flocos de milho tamb\u00e9m s\u00e3o adequados para fazer bolos de milho e sobremesas, por exemplo com leite, passas ou am\u00eandoas.<\/span><\/h4>\n","protected":false},"excerpt":{"rendered":"<h4 id=\"tw-target-text\" class=\"tw-data-text tw-text-large tw-ta\" dir=\"ltr\" data-placeholder=\"Translation\" data-ved=\"2ahUKEwi4kI_WyueCAxXMQTABHZiZDz4Q3ewLegQIBRAQ\"><span class=\"Y2IQFc\" lang=\"pt\">Kimilho Flocao \u00e9 a farinha \u00e0 base de milho preferida dos brasileiros,<\/span><\/h4>\n","protected":false},"featured_media":3990,"comment_status":"open","ping_status":"closed","template":"","meta":[],"product_brand":[],"product_cat":[51],"product_tag":[],"class_list":{"0":"post-3768","1":"product","2":"type-product","3":"status-publish","4":"has-post-thumbnail","6":"product_cat-mercearia","8":"first","9":"instock","10":"shipping-taxable","11":"purchasable","12":"product-type-simple"},"_links":{"self":[{"href":"https:\/\/xpressmeatmarket.com\/onlinemarket\/wp-json\/wp\/v2\/product\/3768","targetHints":{"allow":["GET"]}}],"collection":[{"href":"https:\/\/xpressmeatmarket.com\/onlinemarket\/wp-json\/wp\/v2\/product"}],"about":[{"href":"https:\/\/xpressmeatmarket.com\/onlinemarket\/wp-json\/wp\/v2\/types\/product"}],"replies":[{"embeddable":true,"href":"https:\/\/xpressmeatmarket.com\/onlinemarket\/wp-json\/wp\/v2\/comments?post=3768"}],"wp:featuredmedia":[{"embeddable":true,"href":"https:\/\/xpressmeatmarket.com\/onlinemarket\/wp-json\/wp\/v2\/media\/3990"}],"wp:attachment":[{"href":"https:\/\/xpressmeatmarket.com\/onlinemarket\/wp-json\/wp\/v2\/media?parent=3768"}],"wp:term":[{"taxonomy":"product_brand","embeddable":true,"href":"https:\/\/xpressmeatmarket.com\/onlinemarket\/wp-json\/wp\/v2\/product_brand?post=3768"},{"taxonomy":"product_cat","embeddable":true,"href":"https:\/\/xpressmeatmarket.com\/onlinemarket\/wp-json\/wp\/v2\/product_cat?post=3768"},{"taxonomy":"product_tag","embeddable":true,"href":"https:\/\/xpressmeatmarket.com\/onlinemarket\/wp-json\/wp\/v2\/product_tag?post=3768"}],"curies":[{"name":"wp","href":"https:\/\/api.w.org\/{rel}","templated":true}]}}