{"id":3809,"date":"2023-11-09T11:35:42","date_gmt":"2023-11-09T11:35:42","guid":{"rendered":"https:\/\/xpressmeatmarket.com\/onlinemarket\/product\/linguia-fina-apimentada-xpress\/"},"modified":"2025-09-16T16:37:55","modified_gmt":"2025-09-16T16:37:55","slug":"linguia-fina-apimentada-xpress","status":"publish","type":"product","link":"https:\/\/xpressmeatmarket.com\/onlinemarket\/product\/linguia-fina-apimentada-xpress\/","title":{"rendered":"Lingui\u00e7a Fina Apimentada Xpress &#8211; Embalagem com 3 Pounds"},"content":{"rendered":"<p><span style=\"font-size: 14.4px;\"><strong>A Lingui\u00e7a fina apimentada<\/strong> Xpress \u00e9 o produto certo para dar aquele toque a mais no seu churrasco. Feita 100% artesanalmente com o mais nobre pernil su\u00edno e ingredientes selecionados, essa lingui\u00e7a foi especialmente escolhida para surpreender os paladares mais exigentes. Obrigat\u00f3ria em qualquer churrasco. A Lingui\u00e7a fina artesanal apimentada Xpress \u00e9 feita a m\u00e3o, sem conservantes, indispens\u00e1vel para churrascos, petiscos, refei\u00e7\u00f5es e lanches!<\/span><\/p>\n<p>A Embalagem Exclusiva Xpress Garante de 2.8 a 3 Pounds de sua carne. Enviamos a sua carne em uma embalagem a v\u00e1cuo que mant\u00e9m a sua carne conservada por mais tempo, garantindo a sua sa\u00fade, cor, frescor, textura e o mais importante, uma perda m\u00ednima dos nutrientes.<\/p>\n<p>&nbsp;<\/p>\n","protected":false},"excerpt":{"rendered":"<p>Lingui\u00e7a fina artesanal apimentada Xpress \u00e9 feita a m\u00e3o, sem conservantes, indispens\u00e1vel para churrascos, petiscos, refei\u00e7\u00f5es e lanches!<\/p>\n","protected":false},"featured_media":3808,"comment_status":"open","ping_status":"closed","template":"","meta":[],"product_brand":[],"product_cat":[55],"product_tag":[],"class_list":{"0":"post-3809","1":"product","2":"type-product","3":"status-publish","4":"has-post-thumbnail","6":"product_cat-linguicas-xpress","8":"first","9":"instock","10":"shipping-taxable","11":"purchasable","12":"product-type-simple"},"_links":{"self":[{"href":"https:\/\/xpressmeatmarket.com\/onlinemarket\/wp-json\/wp\/v2\/product\/3809","targetHints":{"allow":["GET"]}}],"collection":[{"href":"https:\/\/xpressmeatmarket.com\/onlinemarket\/wp-json\/wp\/v2\/product"}],"about":[{"href":"https:\/\/xpressmeatmarket.com\/onlinemarket\/wp-json\/wp\/v2\/types\/product"}],"replies":[{"embeddable":true,"href":"https:\/\/xpressmeatmarket.com\/onlinemarket\/wp-json\/wp\/v2\/comments?post=3809"}],"wp:featuredmedia":[{"embeddable":true,"href":"https:\/\/xpressmeatmarket.com\/onlinemarket\/wp-json\/wp\/v2\/media\/3808"}],"wp:attachment":[{"href":"https:\/\/xpressmeatmarket.com\/onlinemarket\/wp-json\/wp\/v2\/media?parent=3809"}],"wp:term":[{"taxonomy":"product_brand","embeddable":true,"href":"https:\/\/xpressmeatmarket.com\/onlinemarket\/wp-json\/wp\/v2\/product_brand?post=3809"},{"taxonomy":"product_cat","embeddable":true,"href":"https:\/\/xpressmeatmarket.com\/onlinemarket\/wp-json\/wp\/v2\/product_cat?post=3809"},{"taxonomy":"product_tag","embeddable":true,"href":"https:\/\/xpressmeatmarket.com\/onlinemarket\/wp-json\/wp\/v2\/product_tag?post=3809"}],"curies":[{"name":"wp","href":"https:\/\/api.w.org\/{rel}","templated":true}]}}