{"id":3828,"date":"2023-11-09T11:35:55","date_gmt":"2023-11-09T11:35:55","guid":{"rendered":"https:\/\/xpressmeatmarket.com\/onlinemarket\/product\/ribeye-choice\/"},"modified":"2026-01-13T16:55:45","modified_gmt":"2026-01-13T16:55:45","slug":"ribeye","status":"publish","type":"product","link":"https:\/\/xpressmeatmarket.com\/onlinemarket\/product\/ribeye\/","title":{"rendered":"\ud83c\udde7\ud83c\uddf7 \ud83c\uddfa\ud83c\uddf8 Ribeye Steak  &#8211; Embalagem com 3 Pounds"},"content":{"rendered":"<h4 id=\"tw-target-text\" class=\"tw-data-text tw-text-large tw-ta\" dir=\"ltr\" data-placeholder=\"Translation\" data-ved=\"2ahUKEwi4qe_PuNWCAxXFTTABHXKcC9oQ3ewLegQIBRAQ\"><span class=\"Y2IQFc\" lang=\"pt\">Nosso tradicional Ribeye Steak Choice \u00e9 considerado o \u201cbife dos amantes do bife\u201d por seu sabor rico e suculento. Escolha a espessura do seu lombo agora dispon\u00edvel em 1 e 1,5 polegadas no USDA Choice.\u00a0<\/span><\/h4>\n<p>A Embalagem Exclusiva Xpress Garante o peso de aproximadamente 3 Pounds de sua carne. Enviamos a sua carne em uma embalagem a v\u00e1cuo que mant\u00e9m a sua carne conservada por mais tempo, garantindo a sua sa\u00fade, cor, frescor, textura e o mais importante, uma perda m\u00ednima dos nutrientes.<\/p>\n<p>&nbsp;<\/p>\n","protected":false},"excerpt":{"rendered":"<h4 id=\"tw-target-text\" class=\"tw-data-text tw-text-large tw-ta\" dir=\"ltr\" data-placeholder=\"Translation\" data-ved=\"2ahUKEwi4qe_PuNWCAxXFTTABHXKcC9oQ3ewLegQIBRAQ\"><span class=\"Y2IQFc\" lang=\"pt\">Nosso tradicional Ribeye Steak Choice \u00e9 considerado o \u201cbife dos amantes do bife\u201d por seu sabor rico e suculento<\/span><\/h4>\n","protected":false},"featured_media":4315,"comment_status":"open","ping_status":"closed","template":"","meta":[],"product_brand":[],"product_cat":[49],"product_tag":[],"class_list":{"0":"post-3828","1":"product","2":"type-product","3":"status-publish","4":"has-post-thumbnail","6":"product_cat-carnes","7":"wcpa_has_options","9":"first","10":"instock","11":"shipping-taxable","12":"purchasable","13":"product-type-simple"},"_links":{"self":[{"href":"https:\/\/xpressmeatmarket.com\/onlinemarket\/wp-json\/wp\/v2\/product\/3828","targetHints":{"allow":["GET"]}}],"collection":[{"href":"https:\/\/xpressmeatmarket.com\/onlinemarket\/wp-json\/wp\/v2\/product"}],"about":[{"href":"https:\/\/xpressmeatmarket.com\/onlinemarket\/wp-json\/wp\/v2\/types\/product"}],"replies":[{"embeddable":true,"href":"https:\/\/xpressmeatmarket.com\/onlinemarket\/wp-json\/wp\/v2\/comments?post=3828"}],"wp:featuredmedia":[{"embeddable":true,"href":"https:\/\/xpressmeatmarket.com\/onlinemarket\/wp-json\/wp\/v2\/media\/4315"}],"wp:attachment":[{"href":"https:\/\/xpressmeatmarket.com\/onlinemarket\/wp-json\/wp\/v2\/media?parent=3828"}],"wp:term":[{"taxonomy":"product_brand","embeddable":true,"href":"https:\/\/xpressmeatmarket.com\/onlinemarket\/wp-json\/wp\/v2\/product_brand?post=3828"},{"taxonomy":"product_cat","embeddable":true,"href":"https:\/\/xpressmeatmarket.com\/onlinemarket\/wp-json\/wp\/v2\/product_cat?post=3828"},{"taxonomy":"product_tag","embeddable":true,"href":"https:\/\/xpressmeatmarket.com\/onlinemarket\/wp-json\/wp\/v2\/product_tag?post=3828"}],"curies":[{"name":"wp","href":"https:\/\/api.w.org\/{rel}","templated":true}]}}