{"id":3830,"date":"2023-11-09T11:35:58","date_gmt":"2023-11-09T11:35:58","guid":{"rendered":"https:\/\/xpressmeatmarket.com\/onlinemarket\/product\/brisket-maca-de-peito\/"},"modified":"2025-09-16T16:35:49","modified_gmt":"2025-09-16T16:35:49","slug":"brisket-maca-de-peito","status":"publish","type":"product","link":"https:\/\/xpressmeatmarket.com\/onlinemarket\/product\/brisket-maca-de-peito\/","title":{"rendered":"\ud83c\udde7\ud83c\uddf7 Ma\u00e7\u00e3 do Peito Bovino &#8211; \ud83c\uddfa\ud83c\uddf8Brisket &#8211; Pack\/Embalagem com 3 Pounds"},"content":{"rendered":"<p>Ma\u00e7\u00e3 de Peito tamb\u00e9m conhecido como Peito Bovino, Ponta de Peito ou Brisket, \u00e9 um corte do dianteiro do animal e bem conhecido por ser saboroso.<\/p>\n<p>\u00c9 um corte extremamente macio e saboroso!<\/p>\n<p>A Embalagem Exclusiva Xpress Garante o peso de aproximadamente 3 Pounds de sua carne. Enviamos a sua carne em uma embalagem a v\u00e1cuo que mant\u00e9m a sua carne conservada por mais tempo, garantindo a sua sa\u00fade, cor, frescor, textura e o mais importante, uma perda m\u00ednima dos nutrientes.<\/p>\n","protected":false},"excerpt":{"rendered":"<p>Ma\u00e7\u00e3 de Peito tamb\u00e9m conhecido como Peito Bovino, Ponta de Peito ou Brisket<\/p>\n","protected":false},"featured_media":3829,"comment_status":"open","ping_status":"closed","template":"","meta":[],"product_brand":[],"product_cat":[49],"product_tag":[],"class_list":{"0":"post-3830","1":"product","2":"type-product","3":"status-publish","4":"has-post-thumbnail","6":"product_cat-carnes","7":"wcpa_has_options","9":"first","10":"instock","11":"shipping-taxable","12":"purchasable","13":"product-type-simple"},"_links":{"self":[{"href":"https:\/\/xpressmeatmarket.com\/onlinemarket\/wp-json\/wp\/v2\/product\/3830","targetHints":{"allow":["GET"]}}],"collection":[{"href":"https:\/\/xpressmeatmarket.com\/onlinemarket\/wp-json\/wp\/v2\/product"}],"about":[{"href":"https:\/\/xpressmeatmarket.com\/onlinemarket\/wp-json\/wp\/v2\/types\/product"}],"replies":[{"embeddable":true,"href":"https:\/\/xpressmeatmarket.com\/onlinemarket\/wp-json\/wp\/v2\/comments?post=3830"}],"wp:featuredmedia":[{"embeddable":true,"href":"https:\/\/xpressmeatmarket.com\/onlinemarket\/wp-json\/wp\/v2\/media\/3829"}],"wp:attachment":[{"href":"https:\/\/xpressmeatmarket.com\/onlinemarket\/wp-json\/wp\/v2\/media?parent=3830"}],"wp:term":[{"taxonomy":"product_brand","embeddable":true,"href":"https:\/\/xpressmeatmarket.com\/onlinemarket\/wp-json\/wp\/v2\/product_brand?post=3830"},{"taxonomy":"product_cat","embeddable":true,"href":"https:\/\/xpressmeatmarket.com\/onlinemarket\/wp-json\/wp\/v2\/product_cat?post=3830"},{"taxonomy":"product_tag","embeddable":true,"href":"https:\/\/xpressmeatmarket.com\/onlinemarket\/wp-json\/wp\/v2\/product_tag?post=3830"}],"curies":[{"name":"wp","href":"https:\/\/api.w.org\/{rel}","templated":true}]}}