{"id":3838,"date":"2023-11-09T11:36:19","date_gmt":"2023-11-09T11:36:19","guid":{"rendered":"https:\/\/xpressmeatmarket.com\/onlinemarket\/product\/guarana-antarctica-2-l\/"},"modified":"2026-01-13T16:52:30","modified_gmt":"2026-01-13T16:52:30","slug":"guarana-antarctica-2-l","status":"publish","type":"product","link":"https:\/\/xpressmeatmarket.com\/onlinemarket\/product\/guarana-antarctica-2-l\/","title":{"rendered":"Guarana Antartica Garrafa 2 Litros"},"content":{"rendered":"<p>O puro gostinho da Amaz\u00f4nia, tradi\u00e7\u00e3o na mesa do brasileiro desde 1921, tem sabor \u00fanico do guaran\u00e1 que vai bem em qualquer ocasi\u00e3o. Ideal para acompanhar lanches, pizzas, doces, churrascos em diversas ocasi\u00f5es especiais!<\/p>\n","protected":false},"excerpt":{"rendered":"<p>O puro gostinho da Amaz\u00f4nia e o refrigerante de maior tradi\u00e7\u00e3o na mesa do brasileiro.<\/p>\n","protected":false},"featured_media":3837,"comment_status":"open","ping_status":"closed","template":"","meta":[],"product_brand":[],"product_cat":[26],"product_tag":[],"class_list":{"0":"post-3838","1":"product","2":"type-product","3":"status-publish","4":"has-post-thumbnail","6":"product_cat-bebidas","8":"first","9":"instock","10":"shipping-taxable","11":"purchasable","12":"product-type-simple"},"_links":{"self":[{"href":"https:\/\/xpressmeatmarket.com\/onlinemarket\/wp-json\/wp\/v2\/product\/3838","targetHints":{"allow":["GET"]}}],"collection":[{"href":"https:\/\/xpressmeatmarket.com\/onlinemarket\/wp-json\/wp\/v2\/product"}],"about":[{"href":"https:\/\/xpressmeatmarket.com\/onlinemarket\/wp-json\/wp\/v2\/types\/product"}],"replies":[{"embeddable":true,"href":"https:\/\/xpressmeatmarket.com\/onlinemarket\/wp-json\/wp\/v2\/comments?post=3838"}],"wp:featuredmedia":[{"embeddable":true,"href":"https:\/\/xpressmeatmarket.com\/onlinemarket\/wp-json\/wp\/v2\/media\/3837"}],"wp:attachment":[{"href":"https:\/\/xpressmeatmarket.com\/onlinemarket\/wp-json\/wp\/v2\/media?parent=3838"}],"wp:term":[{"taxonomy":"product_brand","embeddable":true,"href":"https:\/\/xpressmeatmarket.com\/onlinemarket\/wp-json\/wp\/v2\/product_brand?post=3838"},{"taxonomy":"product_cat","embeddable":true,"href":"https:\/\/xpressmeatmarket.com\/onlinemarket\/wp-json\/wp\/v2\/product_cat?post=3838"},{"taxonomy":"product_tag","embeddable":true,"href":"https:\/\/xpressmeatmarket.com\/onlinemarket\/wp-json\/wp\/v2\/product_tag?post=3838"}],"curies":[{"name":"wp","href":"https:\/\/api.w.org\/{rel}","templated":true}]}}