{"id":3856,"date":"2023-11-09T11:37:14","date_gmt":"2023-11-09T11:37:14","guid":{"rendered":"https:\/\/xpressmeatmarket.com\/onlinemarket\/product\/short-ribs-costela-com-osso\/"},"modified":"2025-09-16T16:32:23","modified_gmt":"2025-09-16T16:32:23","slug":"short-ribs-costela-com-osso","status":"publish","type":"product","link":"https:\/\/xpressmeatmarket.com\/onlinemarket\/product\/short-ribs-costela-com-osso\/","title":{"rendered":"\ud83c\udde7\ud83c\uddf7 Costela com Osso &#8211; \ud83c\uddfa\ud83c\uddf8 Short Ribs &#8211; 3 Pounds"},"content":{"rendered":"<p>A Costela fica localizada nas laterais do boi, e \u00e9 uma carne com muita gordura e extremamente saborosa. Sendo assada ou na brasa, sua prepara\u00e7\u00e3o deve ser lenta e em fogo baixo, permitindo que a gordura derreta uniformemente e forne\u00e7a sucul\u00eancia e sabor \u00e0 carne. Cortes especiais para o preparo na churrasqueira. Generosas por\u00e7\u00f5es de carne bovina devidamente selecionadas, muito suculentas, carnudas e deliciosas!<\/p>\n<p>A Embalagem Exclusiva Xpress Garante o peso de aproximadamente 3 Pounds de sua carne. Enviamos a sua carne em uma embalagem a v\u00e1cuo que mant\u00e9m a sua carne conservada por mais tempo, garantindo a sua sa\u00fade, cor, frescor, textura e o mais importante, uma perda m\u00ednima dos nutrientes.<\/p>\n<p>&nbsp;<\/p>\n","protected":false},"excerpt":{"rendered":"<p class=\"p1\">A Costela pode ser feita assada ou na brasa, sua prepara\u00e7\u00e3o deve ser lenta e em fogo baixo, permitindo que a gordura derreta uniformemente e forne\u00e7a sucul\u00eancia e sabor \u00e0 carne.<\/p>\n","protected":false},"featured_media":3855,"comment_status":"open","ping_status":"closed","template":"","meta":[],"product_brand":[],"product_cat":[49],"product_tag":[],"class_list":{"0":"post-3856","1":"product","2":"type-product","3":"status-publish","4":"has-post-thumbnail","6":"product_cat-carnes","7":"wcpa_has_options","9":"first","10":"instock","11":"shipping-taxable","12":"purchasable","13":"product-type-simple"},"_links":{"self":[{"href":"https:\/\/xpressmeatmarket.com\/onlinemarket\/wp-json\/wp\/v2\/product\/3856","targetHints":{"allow":["GET"]}}],"collection":[{"href":"https:\/\/xpressmeatmarket.com\/onlinemarket\/wp-json\/wp\/v2\/product"}],"about":[{"href":"https:\/\/xpressmeatmarket.com\/onlinemarket\/wp-json\/wp\/v2\/types\/product"}],"replies":[{"embeddable":true,"href":"https:\/\/xpressmeatmarket.com\/onlinemarket\/wp-json\/wp\/v2\/comments?post=3856"}],"wp:featuredmedia":[{"embeddable":true,"href":"https:\/\/xpressmeatmarket.com\/onlinemarket\/wp-json\/wp\/v2\/media\/3855"}],"wp:attachment":[{"href":"https:\/\/xpressmeatmarket.com\/onlinemarket\/wp-json\/wp\/v2\/media?parent=3856"}],"wp:term":[{"taxonomy":"product_brand","embeddable":true,"href":"https:\/\/xpressmeatmarket.com\/onlinemarket\/wp-json\/wp\/v2\/product_brand?post=3856"},{"taxonomy":"product_cat","embeddable":true,"href":"https:\/\/xpressmeatmarket.com\/onlinemarket\/wp-json\/wp\/v2\/product_cat?post=3856"},{"taxonomy":"product_tag","embeddable":true,"href":"https:\/\/xpressmeatmarket.com\/onlinemarket\/wp-json\/wp\/v2\/product_tag?post=3856"}],"curies":[{"name":"wp","href":"https:\/\/api.w.org\/{rel}","templated":true}]}}