{"id":3862,"date":"2023-11-09T11:37:18","date_gmt":"2023-11-09T11:37:18","guid":{"rendered":"https:\/\/xpressmeatmarket.com\/onlinemarket\/product\/salt-iodized-grosso-lebre-sea-2-20lb\/"},"modified":"2026-01-13T15:50:15","modified_gmt":"2026-01-13T15:50:15","slug":"salt-iodized-grosso-lebre-sea-2-20lb","status":"publish","type":"product","link":"https:\/\/xpressmeatmarket.com\/onlinemarket\/product\/salt-iodized-grosso-lebre-sea-2-20lb\/","title":{"rendered":"Sal Grosso Iodado Lebre 1kg, Ideal para Churrasco\/BBQ"},"content":{"rendered":"<p>O Sal Lebre \u00e9 o Sal ideal para o seu BBQ. Nosso sal tem granula\u00e7\u00e3o ideal para grelhados e outras receitas que pedem sal grosso. Isso significa que tem sempre um tipo de Sal Lebre que combina perfeitamente com sua receita.<\/p>\n","protected":false},"excerpt":{"rendered":"<p>O Sal Lebre \u00e9 o Sal ideal para o seu BBQ.<\/p>\n","protected":false},"featured_media":3861,"comment_status":"open","ping_status":"closed","template":"","meta":[],"product_brand":[],"product_cat":[51],"product_tag":[],"class_list":{"0":"post-3862","1":"product","2":"type-product","3":"status-publish","4":"has-post-thumbnail","6":"product_cat-mercearia","8":"first","9":"instock","10":"shipping-taxable","11":"purchasable","12":"product-type-simple"},"_links":{"self":[{"href":"https:\/\/xpressmeatmarket.com\/onlinemarket\/wp-json\/wp\/v2\/product\/3862","targetHints":{"allow":["GET"]}}],"collection":[{"href":"https:\/\/xpressmeatmarket.com\/onlinemarket\/wp-json\/wp\/v2\/product"}],"about":[{"href":"https:\/\/xpressmeatmarket.com\/onlinemarket\/wp-json\/wp\/v2\/types\/product"}],"replies":[{"embeddable":true,"href":"https:\/\/xpressmeatmarket.com\/onlinemarket\/wp-json\/wp\/v2\/comments?post=3862"}],"wp:featuredmedia":[{"embeddable":true,"href":"https:\/\/xpressmeatmarket.com\/onlinemarket\/wp-json\/wp\/v2\/media\/3861"}],"wp:attachment":[{"href":"https:\/\/xpressmeatmarket.com\/onlinemarket\/wp-json\/wp\/v2\/media?parent=3862"}],"wp:term":[{"taxonomy":"product_brand","embeddable":true,"href":"https:\/\/xpressmeatmarket.com\/onlinemarket\/wp-json\/wp\/v2\/product_brand?post=3862"},{"taxonomy":"product_cat","embeddable":true,"href":"https:\/\/xpressmeatmarket.com\/onlinemarket\/wp-json\/wp\/v2\/product_cat?post=3862"},{"taxonomy":"product_tag","embeddable":true,"href":"https:\/\/xpressmeatmarket.com\/onlinemarket\/wp-json\/wp\/v2\/product_tag?post=3862"}],"curies":[{"name":"wp","href":"https:\/\/api.w.org\/{rel}","templated":true}]}}